 = 0. List the prime factors of x.
3, 5
What are the prime factors of 83048/26 - ((-102)/(-13) + -8)/(-1)?
2, 1597
Let t(n) = -10*n**3 - 230*n**2 + 35*n - 74. What are the prime factors of t(-27)?
107, 263
Let t be (28/6 - 5)*3*-50. Suppose -9*f = -7*f - t. List the prime factors of f.
5
Let q = 688 + 730. Let x = 2522 - q. List the prime factors of x.
2, 3, 23
Let i(r) = -16*r**2 - 3*r + 69. Let s be i(10). What are the prime factors of 3 + 8 + -6 - s?
2, 3, 29
Suppose -45*n + 40820 = 4*i - 46*n, 4*i - 40820 = -2*n. What are the prime factors of i?
5, 13, 157
Suppose -3 = 2*p + 5*x, -5*x = -p - 2*p - 42. List the prime factors of p/(-4)*(331 - 7).
3
Let q = 14 + 2. Suppose 4440 = q*n - 8*n. What are the prime factors of n?
3, 5, 37
Let x = 84539 + -59494. List the prime factors of x.
5, 5009
What are the prime factors of (-1 - -209)/((-57120)/(-3568) - 16)?
2, 13, 223
Let o(d) = -d - 8. Let s be o(-11). Suppose 4*v - 23 = h - 2*h, s*v = -3*h + 15. List the prime factors of (6 - 208/v)/((-2)/9).
3, 43
Let d(r) = -119*r + 375. List the prime factors of d(-26).
3469
Suppose r = p + 6399, -30 + 26 = -4*p. List the prime factors of r.
2, 5
Suppose -4*s = u + 4, 2*u = 4*u + s - 13. Suppose -18*a - 20 = -u*a. What are the prime factors of (a - (-24)/(-15))/((-3)/90)?
2, 3
Let w be (153/(-45) - -3)/((-1)/(-5)). What are the prime factors of 13/w*(-9 - 281)?
5, 13, 29
Suppose 6*a = 69669 - 7779. List the prime factors of a.
5, 2063
Let g = 48601 - 31963. What are the prime factors of g?
2, 3, 47, 59
Let o = 64 + 25. Let c = o - -67. List the prime factors of c.
2, 3, 13
Let y(g) = -7*g - 8. Suppose -3*s = -o + 92, -4*s + 3*o + o - 112 = 0. What are the prime factors of y(s)?
2, 3
Let b(q) = 8*q + 7. Let z(a) = 2*a - 1 - 5 + 4 + 6. Let x be z(1). List the prime factors of b(x).
5, 11
Let y(z) = -30*z - 144. What are the prime factors of y(-39)?
2, 3, 19
Let l(w) be the second derivative of 7*w**3/2 - 77*w**2/2 + w - 3. List the prime factors of l(16).
7, 37
Suppose -2*w + 21*d + 7770 = 16*d, 2*w + 4*d - 7770 = 0. Suppose -w = -5*l - 5*h, 3*l = h - 255 + 2602. What are the prime factors of l?
11, 71
Let v = -1636 + 7499. What are the prime factors of v?
11, 13, 41
Let a(q) = 2*q**2 - 76*q - 1. What are the prime factors of a(120)?
11, 1789
Let d(r) = 1573*r**3 + 6*r**2 - 58*r + 19. What are the prime factors of d(3)?
2, 5, 19, 223
Let i(u) = -73*u + 14. Let m(z) = 1. Let n(c) = -i(c) + 6*m(c). Suppose 27*w - 31*w - 5*t = 13, -20 = 4*t. List the prime factors of n(w).
211
Suppose -4*c = -4*v - 26400, -2*v + 16651 + 3119 = 3*c. List the prime factors of c.
2, 3, 7, 157
List the prime factors of (140/14 + -6)*(-15450)/(-8).
3, 5, 103
Let b(p) = -p**2 + 54*p + 10540. List the prime factors of b(0).
2, 5, 17, 31
Let t(h) = -467*h - 3300. List the prime factors of t(-74).
2, 15629
Let x = -3029 - -3030. Let k be 1 - (-2 + 2) - -656. What are the prime factors of (-1)/(-2) + x + k/6?
3, 37
Let k = -84 + 88. Let p(r) = 139*r + 14. Let u be p(k). Suppose 2*a + u = 5*a. What are the prime factors of a?
2, 5, 19
Suppose 0 = 76*r - 64*r - 24072. What are the prime factors of r?
2, 17, 59
Let u be (0 + (-15)/(-4))/(12/16). Suppose 9*r - 5782 = -u*r. List the prime factors of r.
7, 59
Suppose -4*q - 15 = -5*q. Let z be 38/8 + q/12. Let u = 8 + z. What are the prime factors of u?
2, 7
Let c = 203 - 131. Suppose 4*u - c - 4 = 0. Suppose 6*j = 2*j - 3*r + 47, -u = -3*j + r. What are the prime factors of j?
2
Suppose 44*b = t + 50*b - 70145, 3*t - 210633 = 4*b. List the prime factors of t.
70199
Suppose -11*y + 8378472 = -25*y + 258*y. List the prime factors of y.
2, 3, 59, 97
Suppose 5*w - 135516 = -k, 0 = -5*w + 3*k - k + 135513. Suppose -w - 11793 = -13*f. What are the prime factors of (-16)/(-56) + (3 - f/(-14))?
7, 31
Suppose 4*j + 2*w = 28506, 0 = 4*w + 25 - 45. List the prime factors of j.
2, 13, 137
Let d(o) = -140 + 0*o + 154 + o. Let r be d(-5). Suppose v + 226 = y, -r*v + 869 = 4*y - 6*v. List the prime factors of y.
13, 17
Suppose -4*u + 8 + 12 = 0. Let m(v) = -v + 2. Let r(c) = 33*c - 3. Let p(g) = m(g) + r(g). List the prime factors of p(u).
3, 53
Let l = 411 - 406. Suppose -11*f + 6174 = -l*f. List the prime factors of f.
3, 7
Suppose 5*j = 3*q + 130233, 90*j - 3*q = 95*j - 130257. List the prime factors of j.
3, 19, 457
Suppose 3*y + 0*o - 40 = 4*o, 4*y = o + 36. Let c be 1720/y + 6/(-2). Let b = -122 + c. What are the prime factors of b?
2, 3, 5
Suppose -64*b + 6737338 = 641277 + 388093. What are the prime factors of b?
3, 7, 31, 137
Let b(l) = -l**3 - 7*l**2 - 9*l - 14. Let f be b(-12). Let u = 1230 - f. Suppose 8*g - u = -0*g. What are the prime factors of g?
2, 13
Let b(i) = -55*i**3 + 11*i**2 + 5*i + 5. Let a be b(-5). Suppose -42*j + 52*j - a = 0. List the prime factors of j.
23, 31
Let g be -6 + 1 + 14 + -1. What are the prime factors of g/(5/25 - (-46)/(-250))?
2, 5
Suppose 4*p + 4*k - 4668 = 0, 0 = -2*p + 4*k + 1786 + 530. Suppose 6*r + 288 = p. List the prime factors of r.
2, 73
Let a = -101 + 101. What are the prime factors of (-3)/(-18)*a - (-36)/3?
2, 3
List the prime factors of -7 + 924 + (-88)/(-11).
5, 37
Let d(q) = -177*q**3 - q**2 - 2*q - 2. Let l(a) = -4*a - 53. Let c be l(-13). List the prime factors of d(c).
2, 11
Suppose -2*v + 4*v + 97890 = 15*v. What are the prime factors of v?
2, 3, 5, 251
Let f be -3*(3/6*4 - 5). Suppose -8*j + f*j + 1695 = 5*y, y - j - 339 = 0. What are the prime factors of y?
3, 113
Let r(a) = -13*a - 27. Let s(i) = -i**3 - 14*i**2 - i - 9. Let c be s(-14). Let q be 1/(c/(-40*1)). What are the prime factors of r(q)?
7, 11
Let i = -217 + 211. Let c be 1 + (-2 + 188)/3. List the prime factors of ((-20)/i)/(((-28)/c)/(-2)).
3, 5
Let t = -201 + 628. Suppose 0 = -43*l + 44*l - t. Let r = l + -147. What are the prime factors of r?
2, 5, 7
Let s(k) = -k**3 - 51*k**2 + 103*k + 2136. List the prime factors of s(-53).
3, 5, 17
Let a(y) = 9508*y + 10159. List the prime factors of a(5).
3, 2137
Suppose -3*r + 5*r = -44. Let n = 41 + r. Suppose n*z - 27*z + 24 = 0. List the prime factors of z.
3
Suppose -8*y = -3*x - 3*y + 26, 0 = 5*y + 20. Suppose 4*h = 4*i + 1440, h + x*i = 4*h - 1075. What are the prime factors of h?
5, 71
Let x be (14 + -14)*-1*1. Suppose 2 = u - x. Let z(m) = 24*m**2 - 5*m + 6. List the prime factors of z(u).
2, 23
Let m = -1277 + 6665. Suppose 8*u - m = 3036. What are the prime factors of u?
3, 13
Let g(f) = f**2 - 10*f - 6. Suppose -6*h - 6 = -7*h. Let m be g(h). Let a = m - -43. List the prime factors of a.
13
Let x(v) = 184*v - 16. Let m be x(9). Suppose -2*c - m = -4*c. Suppose 0 = -0*w - 10*w + c. What are the prime factors of w?
2, 41
Let f = 8007 + 41288. What are the prime factors of f?
5, 9859
Let k(h) = -2*h + 3. Let d be k(-1). Suppose d*f + 4*q = 370, q = -4*q. Suppose m + 3*m - 144 = -4*n, -f = -2*m - n. List the prime factors of m.
2, 19
Let m be 54/(-1)*(506/33 + -2). Let a = m + 1358. What are the prime factors of a?
2, 11, 29
Let n(v) = -22*v**2 + 63*v - 9. Let p(r) = 10*r**2 - 31*r + 4. Let u(z) = 4*n(z) + 9*p(z). List the prime factors of u(20).
2, 5, 13
Suppose -501*z + 2833281 - 2571959 = -13008665. List the prime factors of z.
3, 109
What are the prime factors of 3593 + -40 - ((-13)/(-52) - (-18)/(-8))?
3, 5, 79
Let b(a) = -a**3 + 6*a**2 + a - 1. Let k be b(6). Suppose k*r + 24 = 4. Let q = r + 46. What are the prime factors of q?
2, 3, 7
Let z(h) = 582*h + 981. List the prime factors of z(30).
3, 683
Suppose 2*d + 10936 = 3*z, -5*z + 18210 = -48*d + 53*d. What are the prime factors of z?
2, 911
Let b(d) = -d**2 - 4*d - 9. Let v be b(-7). Let g = v - -35. Suppose 3*h = -2*r + 208, 4*r - g*h - 208 = 2*r. List the prime factors of r.
2, 13
Let b = -9974 - -30149. List the prime factors of b.
3, 5, 269
Let u(t) = 32*t**2 - 210*t - 620. List the prime factors of u(-3).
2, 149
Let m be 2/(-9) - ((-80)/36 - 1). Suppose 2*c + 1882 = m*r, 2*r + c - 1264 = -0*r. Suppose 3*o = -15, r = p + 4*p - 4*o. What are the prime factors of p?
2, 61
Suppose -8 = -2*r - 5*t, r + 3*r + 6 = t. Let a be (-2)/(-5)*r*-10. Let s = a - 1. List the prime factors of s.
3
Suppose -3*s - 1 + 25 = -2*u, -s - 2*u = 0. Let v be 13/5 - s/10. List the prime factors of 384/(-15)*(-5)/v.
2
Let c(h) = -191*h - 1574